.
3
Calculate -3 - (26 + -12 - 14).
-3
What is 124 - 116 - (15 + -1)?
-6
What is -1 + 14 - (-5 + 24)?
-6
Calculate 0 + (-7 - -1) + 351 + -345.
0
Calculate 3 + (3 - 9 - (2 - 7)).
2
Evaluate (4 - 1) + (2 - 0).
5
Calculate -7 + -3 + -1 + 6.
-5
-2 + (0 - 3) + -1 + 3
-3
What is the value of -24 + 10 + 18 + (-10 - -1)?
-5
4 + (-8 - -2) + 5
3
Evaluate 1 + (3 - -5 - (-7 + 9)).
7
Evaluate -3 - 2 - (-5 + -5 + 6).
-1
((1 - 5) + 7 - 0) + -11
-8
0 + 0 + (4 - 4) - 5
-5
Evaluate -5 + (-5 - -14) - 2.
2
11 + (-4 - -10) + -9
8
Calculate (1 - 1) + 0 + 4 + 0.
4
Evaluate 3 + -11 - -5 - (3 - 2).
-4
Evaluate 2 - -5 - -16 - 12.
11
Calculate -10 + (8 - -6) + 3.
7
Calculate 5 - (-5 - (0 - 7)).
3
What is (0 - 4) + 5 - (5 + -1)?
-3
What is 4 + -2 - (4 + -1 - -2)?
-3
5 - (9 - 2 - (4 - -1))
3
0 - (2 - (-3 - -1))
-4
Evaluate 6 - (8 + -5) - 1.
2
Calculate 5 + -6 + 5 + -1.
3
Evaluate -4 + 0 - (-22 + 11 + 14).
-7
Evaluate 1 + (3 - (12 - 4)).
-4
Evaluate -2 - (3 - 1) - (5 - 5).
-4
What is the value of 8 - 17 - (2 - 8)?
-3
What is the value of 5 + (-4 - -1 - -2)?
4
What is the value of -2 + (2 - (3 - 4)) - 4?
-3
What is the value of 0 - ((0 - -3) + 1)?
-4
Calculate 11 - 18 - (-11 + -2 + -2).
8
What is (2 - 6 - -1) + (1 - 6)?
-8
What is the value of 5 + (9 - 10) + 2 + 0?
6
Calculate -12 - (0 - (0 + -2) - 6).
-8
0 - -8 - ((6 - -1) + -5)
6
Evaluate (3 - 3 - -3) + -8.
-5
What is the value of 3 + -5 - (0 + 1) - -4?
1
What is -6 - ((-5 - -8 - -2) + -6)?
-5
What is (-6 - -10 - 5) + 7?
6
What is -4 + 1 + -4 - -13?
6
What is the value of 1 - ((3 - 6) + 12)?
-8
(3 - 2) + -5 + (0 - -4)
0
Evaluate 11 + -12 + 8 + 1.
8
What is the value of 6 - (10 + -3 - -5)?
-6
-13 + -6 + (-8 - -20)
-7
Calculate -103 + 101 - (2 + -1).
-3
-6 - ((1 - (3 - -3)) + 0)
-1
Calculate (11 - 4) + (-4 - 3).
0
Calculate (-8 - (-7 - 1)) + -6.
-6
What is the value of 12 + (2 + -1 - 9)?
4
What is -8 - -3 - (15 + -16)?
-4
What is 0 - (-1 - (4 - 7 - -4))?
2
-6 + 14 + -7 - 2
-1
What is (-10 - -5) + 4 + -7 + 4?
-4
What is the value of (1 - (3 - 2)) + -4?
-4
What is the value of 2 - -2 - (-1 + 0 + 0)?
5
-1 + 13 + -9 - (2 + 2)
-1
What is the value of -5 - (9 - 3 - 6)?
-5
Evaluate -7 + (-5 - -5 - -3).
-4
Evaluate -1 + (-1 - -2 - 0) - 0.
0
Evaluate (5 - -1) + -6 - (-5 + 0).
5
Evaluate (39 - 35) + 0 + 1 + -4.
1
Calculate (4 - -5) + 0 - (8 + -2).
3
What is the value of 3 + 0 + (-1 - 0)?
2
What is the value of -2 + 2 + (7 - 12 - -4)?
-1
-10 - -14 - (-1 - -9)
-4
Evaluate (-11 - (-2 - -2)) + 9 + -3.
-5
Calculate (4 - -5) + -5 - (8 - 5).
1
Calculate -2 + 3 + -3 + 9.
7
What is the value of 1 - (-5 + 5 + 0 + -3)?
4
Calculate 0 + 5 + (-20 - -18).
3
-4 + 7 + 2 - 0
5
What is the value of -1 + 1 - -8 - (-1 - -4)?
5
Calculate -1 + 3 + -14 + 6 + 5.
-1
Evaluate (18 - 14 - (4 - 1)) + 2.
3
What is the value of -7 - (-10 - (6 + 7 + -11))?
5
What is the value of 1 - (2 + -7 + (1 - -2))?
3
What is 0 - (-5 + 6) - -6?
5
Calculate -1 + (4 - (0 - (-1 - 1))).
1
What is -3 + -1 + -25 + 20?
-9
Evaluate -11 + (4 - 9) + 13.
-3
-3 - (-4 - (2 + 3 + -6))
0
What is the value of 12 + 1 + -3 - 5?
5
3 + (6 - (4 - 1))
6
What is the value of (-2 - (-4 + 3 + -1)) + 5?
5
What is -15 + 7 + (1 - 0)?
-7
What is the value of -1 + (7 - 9) + 0 + 0?
-3
What is 1 + -3 - (-16 - -10)?
4
Evaluate 9 + -4 + (2 - 3) + 1.
5
What is the value of -4 - (2 + -1 - (0 + 3))?
-2
What is the value of -3 - (-4 + 3 + -1 - 1)?
0
What is (2 - 4) + -6 + 7 - 2?
-3
What is the value of -4 + 4 - (3 - (5 - 3))?
-1
What is the value of (-4 - -3) + -11 + 4 + 3?
-5
What is -3 + -1 + 10 + (-4 - -2)?
4
Calculate 6 + (-1 - 1 - 4) - 1.
-1
12 + (-8 - (2 - 4))
6
What is the value of (15 - 15 - (1 - -1)) + 7?
5
What is 0 + -4 + 0 - -5?
1
Evaluate 0 - -8 - (14 + -7).
1
(11 - (9 - -5)) + 10
7
Calculate 13 + -15 + 1 + -4.
-5
What is the value of 0 + (5 - 6) + 4?
3
Evaluate (6 - (-2 + 3)) + -2 + -2.
1
Evaluate -7 + -2 + -3 + 9.
-3
8 - (-7 + (16 - -3))
-4
Calculate 8 + (-4 + -9 + 3 - -3).
1
What is the value of (-2 - -1) + (-6 - -5) + -2?
-4
What is the value of 109 + -103 - (2 - -12)?
-8
What is -4 + 10 + -4 - 5?
-3
What is the value of -8 + 5 + (1 - 0)?
-2
Evaluate 5 - (3 - 2) - 9.
-5
What is the value of 7 + -17 - -9 - -2?
1
Evaluate (-6 - -9) + 0 + 0 - 6.
-3
-8 - ((-21 - (0 + -6)) + 3)
4
4 + 2 + (45 - 59)
-8
Calculate 3 - ((0 - -2) + (10 - 4)).
-5
What is the value of 0 + 0 + 2 - (5 - 2)?
-1
Calculate 6 + (-5 - 0) - -4.
5
Calculate (-66 - -68) + (-1 - -1) + -4.
-2
Calculate 7 - (17 + -17 + 7).
0
What is the value of (1 - 1 - 5) + 10?
5
Evaluate 6 - (11 + -6) - 4.
-3
What is (0 - -7 - (-20 + 25)) + 6?
8
Calculate 12 + -18 - (-10 + 6).
-2
Calculate (2 + -2 - 0) + (-10 - -8).
-2
Evaluate (2 - -9) + (37 - 38).
10
0 - ((-9 - (-7 + 2)) + 2)
2
What is the value of -2 - (-8 - 0 - (2 - 8))?
0
Calculate 2 + (1 + 3 - 5).
1
Evaluate (0 - 4) + (-2 - -8).
2
What is the value of 8 - (-7 - -7) - 2?
6
Calculate (-7 - -4) + (1 - -1).
-1
Calculate 19 + -22 - (-3 - -1).
-1
Calculate 2 - (2 - (0 - 1) - 0).
-1
What is 2 + 0 - (2 + 8 - 4)?
-4
What is -2 + 8 + -3 - -2?
5
What is the value of (-6 - (2 + -20)) + -8?
4
What is 6 + (-3 - 1) - -3?
5
Evaluate (0 - (-9 - 2)) + -4.
7
What is -5 + 6 + -9 + (11 - 1)?
2
-2 - (-6 - (0 - 1))
3
Evaluate -14 - -3 - (36 - 54).
7
What is 3 + 12 + -28 + 9?
-4
What is -3 + 2 + 2 + -3?
-2
What is 6 + -2 + 0 + -5 - 1?
-2
What is the value of 1 + 4 + 0 + 3 - 1?
7
What is 110 + -106 + 3 + 1?
8
Calculate -21 + 22 - (-1 + 1 + 0).
1
What is (0 - ((6 - 0) + 0)) + 5?
-1
Evaluate 1 + -1 + -13 + 13 + 5.
5
What is (2 + -6 - -5) + -5?
-4
Evaluate -1 - (-2 + 0 + -4 + 4).
1
What is 7 - (9 + (-1 - 4))?
3
What is the value of -7 + -3 + 3 + 6?
-1
What is (0 - (17 - 4)) + 9?
-4
-6 + (-1 - -1 - -10)
4
What is the value of 9 - (-5 + -7 + 12 + 1)?
8
What is the value of -13 - (-2 + (-15 - -9))?
-5
Calculate (-2 - (1 + -8 + 2)) + 1.
4
What is the value of (4 - 9) + -1 + 9?
3
What is the value of -2 + -3 - (-3 - (-11 + 15))?
2
Evaluate (9 - 2 - -7) + -12.
2
What is -10 + (7 + -3 - -3)?
-3
What is the value of -2 - (-11 + (12 - -4))?
-7
What is -3 + -3 + 9 + (-2 - 2)?
-1
What is (-6 + 2 - 2 - -2) + 3?
-1
Evaluate 2 + -2 + -3 + 1 + 3.
1
Calculate 19 + -28 - (-1 + -5).
-3
(5 + 5 - 10) + (-1 - -2)
1
9 + -4 - (6 + -3)
2
4 - (8 + -6 + 5)
-3
What is (4 - -3) + -6 + 0?
1
7 - (10 + -3) - -9 - 2
7
Evaluate 11 + (3 - (20 + -11)).
5
-5 + 5 + (9 - 10)
-1
What is the value of 2 + -1 + -4 - 2?
-5
What is the value of 0 + 3 + (17 - 24)?
-4
What is the value of -156 + 165 - (10 + 0)?
-1
-12 + (-4 - -5 - -6) - 1
-6
Evaluate (10 - ((-3 - -6) + 0)) + -3.
4
5 - (0 + (-2 - -7))
0
Evaluate 5 + 1 - (-6 + 5).
7
Evaluate -6 + (-3 + 10 - 9).
-8
Calculate -4 + 8 - (-3 + 2 + 4).
1
What is the value of -3 + (4 - 0) + 11 + -5?
7
Calculate (-3 - (-8 - -3)) + 5 + -2.
5
Evaluate 2 + -1 - -3 - 4 - 3.
-3
What is the value of -14 + 11 - (-7 - -8)?
-4
Calculate 4 - (1 + -2 + 2 - -4).
-1
Evaluate -8 - -4 - (-1 - -1).
-4
What is the value of -6 + (10 - (7 - -6))?
-9
Evaluate 2 - -1 - (2 + (2 - 4)).
3
5 + (1 - 6 - (3 - 4))
1
Evaluate -6 - 0 - 0 - -7.
1
3 - (2 + -5) - 4
2
What is the value of (-14 - -13 - -4) + -9?
-6
3 - (5 - (-3 + 3 - 2))
-4
What is the value of 16 - 12 - (0 - -7) - -2?
-1
9 + (-1 - (-4 + 8))
4
What is 10 + -14 + 7 + -2?
1
What is -8 + 6 + (2 - (0 - 4))?
4
-4 - (-2 + 1) - -4
1
What is the value of 1 - (0 + (2 - 4))?
3
What is the value of (3 - (8 - -1)) + 3?
-3
6 + -9 + 2 + 2 + 2
3
What is -4 - (-3 - 8 - -1)?
6
Evaluate 1 + 2 + (3 + -5 - 0).
1
What is the value of 2 + (3 - 1) + (3 - 11)?
-4
What is the value of -3 - (-2 - (-3 + 3) - 5)?
4
Evaluate 1 - ((1 - 5) + 1 - -8).
-4
What is 1 - (-2 + 3 + 6)?
-6
Evaluate -13 + (0 + 17 - 7).
-3
(46 - 53) + 1 + (-4 - -1)
-9
Evaluate 4 + -3 + (3 - -1 - 4).
1
Evaluate -3 - ((1 - -4) + -7).
-1
0 - (-31 - -34 - (-2 - -1))
-4
Evaluate (-5 - (-18 + 10)) + -1 + -6.
-4
What is 7 + (-6 - (-4 - -2))?
3
Calculate (5 - 19) + 10 + 0.
-4
What is -8 + (11 - 6) - 3?
-6
(4 - (-5 + (8 - 0))) + 2
3
What is the value of 0 + (-15 - -10) - (-1 - 4)?
0
Calculate 0 - 2 - (18 + -24) - -2.
6
What is the value of 2 + (-5 - -1) + -1?
-3
Calculate 5 + -2 - (-7 + 2 + 3).
5
Calculate (4 - 11) + 6 + 2.
1
What is the value of 2 + -5 - (-137 + 125)?
9
0 - ((2 - 1) + 2) - -8
5
Evaluate (-6 - 2) + (4 - 0) + 1.
-3
What is (-9 - 2) + (3 - 6) + 